4. Let u be w(-3). Determine j(u).
1
Let x(j) = -j + 7. Let q(f) = f - 6. Let i(m) = 6*q(m) + 5*x(m). What is i(4)?
3
Let d be ((-39)/15 - -2)/((-3)/(-15)). Let m(a) = a**3 + 3*a**2 - 3*a + 4. Determine m(d).
13
Let q(i) = -i + 4. Let h be q(4). Let b be (-2 - (h + 15)) + 2. Let a be ((-16)/(-10))/((-6)/b). Let j(s) = -s**2 + 3*s + 1. Determine j(a).
-3
Let z(c) = 2*c**2. Let v be (4/(-10))/(3/15). Let o be (2/(4 + v))/(-1). Calculate z(o).
2
Let x(v) = v**2 - 14*v + 15. Let m(j) = j**2 - 13*j + 14. Let h(w) = 6*m(w) - 5*x(w). Calculate h(7).
2
Let h(j) = -5*j + j + 1 + 0*j + j. Determine h(-6).
19
Let r(i) = 5*i**3 - 2*i**2 + 2*i - 1. Let v(t) = t + 5. Suppose 19 = -5*o - 6. Let j be v(o). Let n be -2*(-1)/2 - j. Calculate r(n).
4
Let f(g) = -g + 1. Let q be f(-3). Let x be 4/(-6)*(-6)/q. Let n(d) = -3*d**2 - 14 + 10*d**2 + 13. What is n(x)?
6
Let f(m) be the third derivative of -m**4/8 - 2*m**3/3 + 23*m**2. Calculate f(-5).
11
Let a(q) = -3*q + 11. Let d(t) = -t + 4. Let y(k) = -6*a(k) + 17*d(k). Calculate y(-5).
-3
Let f(m) = 2*m + 7 + 2*m - 8. Let b = -2 - -1. Calculate f(b).
-5
Let g(f) = -f**3 - 3*f**2 - 4*f + 4. Let v(u) = 3*u**3 + 9*u**2 + 12*u - 11. Let w(m) = 17*g(m) + 6*v(m). Calculate w(-3).
-10
Let d = 17 + -23. Let l(w) = -w**2 + 1. Let q(z) = 7*z**2 + z - 5. Let x(u) = d*l(u) - q(u). Let f(a) = a + 1. Let i be f(-2). What is x(i)?
-1
Suppose i = -2*b, 6*i - 3*i = -4*b - 4. Let y(r) = r - r - 1 + b*r**2 + 2*r. Determine y(-2).
3
Let l(n) = -n**2 - 11. Suppose -b = -3*b. Give l(b).
-11
Let h(y) = 4*y**2 - 7*y + 1. Let w(g) be the third derivative of g**5/20 - g**4/4 + g**3/6 + 3*g**2. Let k(i) = 2*h(i) - 3*w(i). Give k(3).
2
Let y(t) = -5*t + 29. Let l(p) = 2*p - 10. Let i(q) = -8*l(q) - 3*y(q). Give i(-5).
-2
Let t(g) = g**3 - 7*g**2 + 8*g - 9. Let l(x) = -x**3 + 9*x**2 - 8*x + 6. Let c(y) = y**3 - 6*y**2 + y + 2. Let j be c(6). Let f be l(j). Calculate t(f).
3
Let o be (-6)/(-9)*6/4. Let a(j) = 6*j**2 - o - j**2 - j + 2*j + j**3. Calculate a(-5).
-6
Suppose -1 = f - 2. Let k(b) = -2*b**3 + 2*b**2 + 0 + f + 0*b**3 + 3*b**3. Determine k(-2).
1
Let p(s) = s. Let f(b) = 4*b. Let d(k) = -f(k) + 2*p(k). Determine d(4).
-8
Let b(s) be the third derivative of -s**6/120 + s**5/15 - s**4/8 + 2*s**3/3 + s**2. Let d be (-3)/12 + (-25)/(-4). Let l = 10 - d. Calculate b(l).
-8
Let v(c) = 2*c**2 - c**2 - 1 + c - c. Suppose 2*u + 1 = 7. Let w be -2 + u/3 + 1. What is v(w)?
-1
Let w(f) = f**3 - 6*f**2 - 3. Let z be w(5). Let u = z - -48. Suppose -5*i + 4 + 12 = -4*b, -u = 5*b. Let y(r) = -r + 4. Calculate y(i).
4
Let l(g) = -g - 5*g**2 + 0*g**2 + 4*g**2 + 1. Calculate l(-5).
-19
Let h(f) = -f**2 + 3*f + 3. Let u(j) = j + 4*j**2 - 1 - j**3 + 3 + 0. Let n be u(4). Suppose -15 = d - n*d. Determine h(d).
3
Let j be (-10 - 0)*24/(-48). Let g(q) = -q + 1. Let z(i) = -6 + i - 2*i + 5*i. Let x(k) = 3*g(k) + z(k). Determine x(j).
2
Let a(g) = -9*g - 5. Let p(w) = -26*w - 14. Let i(u) = 17*a(u) - 6*p(u). Let c(r) = r**2 + 7*r + 1. Let n be c(-7). Give i(n).
2
Let x(p) = -2*p**2 + 3*p - 2. Let z = -3 - -5. Let r(y) = -z + 4*y + 0 - y**2 - 1. Let d(t) = -2*r(t) + 3*x(t). Calculate d(1).
-3
Let m(s) = s**2 + 5*s. Let y = -11 - -13. Suppose 5*c = 5*h - 13 - y, 5*h + 25 = -5*c. What is m(c)?
-4
Let z(c) = c + 2. Let t = 12 + -14. Let h(r) = 0*r - r + 3*r - r**3. Let p be h(t). Determine z(p).
6
Let k(m) = 14*m**3 - m**2 + 2*m - 1. Suppose -20*x = -18*x - 2. Calculate k(x).
14
Suppose -2*y = 2*i - 2, 3*y - 4*i - 1 = 30. Let h(s) = s**3 - 5*s**2 - 3. Give h(y).
-3
Let t(i) = 20*i**3 + 6*i**2 - 17*i + 26. Let n(d) = -7*d**3 - 2*d**2 + 6*d - 9. Let h(a) = 17*n(a) + 6*t(a). Let g be (-7 - -2 - -2) + 0. Give h(g).
-6
Let x(h) = h**3 + 8*h**2 + 6*h - 7. Let w(j) = j**2 - 3*j - 7. Let n be w(0). What is x(n)?
0
Let o(z) = -z**3 + 3*z**2 + z + 3. Let w be -1*(2 - 3 - 19). Suppose 5*l - w = -5. Determine o(l).
6
Let w(g) = -2*g. Suppose 2*y = -3*y - 5*a - 25, 5*y - 25 = 5*a. Suppose 5*h + 5 = -y*h. Calculate w(h).
2
Let q(t) = t + 3. Let m be q(-5). Let r(l) = -3*l**2 + 2. Calculate r(m).
-10
Let y be -1*9/(-6) - (-14)/(-12). Let a(l) be the first derivative of -2*l + l**2 + 2 + y*l**3. Give a(2).
6
Let a(z) = 3*z. Let y = 42 - 44. Determine a(y).
-6
Suppose -3 = -0*g - 3*g. Let l be (3 - (g - -4)) + -1. Let k(o) = -o**3 - 3*o**2 + 2*o + 3. Calculate k(l).
-3
Let k(o) = -o**2 - 12. Let m(l) = -l + 14. Let w be m(12). Suppose 0*u + u = -4*q - 1, -w*q = u + 1. Calculate k(q).
-12
Let n be (-4)/26 + 205/65. Let i(v) = 3*v - v - v**2 + 3*v - 4. Give i(n).
2
Let o(b) = -b - 1. Let u(h) = 2*h + 6. Let x(p) = 6*o(p) + u(p). Suppose 10 = 2*i + 3*z - 7*z, -3*z = i + 5. Determine x(i).
-4
Let b be (2 - -2)/2*1. Let w(q) = -4*q + 4*q**b + 2*q**2 + 2*q + 1 + q. Give w(1).
6
Suppose -2*z = -4*k, -2*z - 4*k + 2*k = -12. Let a(m) = 0*m - m**3 + 4*m**2 + 0*m - 2. Calculate a(z).
-2
Let d(q) = -q - 5. Let u be 1 + -2 + (2 - -1). Let r(k) be the third derivative of -k**5/60 + k**4/8 - k**3/3 - 3*k**2. Let n be r(u). Give d(n).
-5
Let z be -1 + 4 + (-12)/6. Let o(u) = 9*u. Give o(z).
9
Let a(f) = 3*f - 4*f**2 - 2*f + 3*f**2 + 5*f**3. Suppose 5*q + 1 = 3*s - 2, -5 = -5*s + 5*q. Calculate a(s).
5
Let x(c) = -c**2 - c. Let t(d) = -4*d**2 - 13*d - 5. Let y(w) = t(w) - 3*x(w). Calculate y(-7).
16
Let x(l) = l**2 - 12. Let u(m) = -m**2 - 1. Let b(r) = 2*u(r) + x(r). Suppose 0 = -j + 2*j. Give b(j).
-14
Let h = 7 - 3. Suppose -m = 2*r - 6, h*m - 6*r - 3 = -7*r. Let a(x) = x - 10. What is a(m)?
-10
Let a(s) be the third derivative of s**6/120 - s**5/60 - s**4/24 - s**3/6 - s**2. Let t = 5 + -7. Calculate a(t).
-11
Let f(c) = -7*c + 3. Let v(j) = -1. Let k(g) = -g + 1. Let y(z) = -2*k(z) - v(z). Let p(r) = -6*f(r) - 17*y(r). Give p(-1).
-9
Let p(f) = 0 + f + 3 - 1. Let m(r) = 3*r - 7. Let a(d) = -d + 3. Let s(i) = 5*a(i) + 2*m(i). Let t be s(1). Calculate p(t).
4
Let n(l) = -l**2 + 7*l - 7. Let g be n(6). Let k(z) be the first derivative of 0*z**2 - 4 + z + 7/4*z**4 - 2/3*z**3. What is k(g)?
-8
Let q(h) = -3*h + 10. Let a be q(4). Let p(z) = -z**2 - 2. What is p(a)?
-6
Let m(p) = 0*p + 4*p**2 + 4 + p - 7*p - 3*p**2. Let f be m(3). Let u(r) = r. Give u(f).
-5
Let x(c) = -c**2 - c + 22. Let v be x(-5). Let a(f) = f**2 + 2*f + 1. Calculate a(v).
9
Let w be ((-9)/42)/(36/(-14)). Let l(g) be the third derivative of 0*g + 0 + 1/4*g**4 - 1/120*g**6 + w*g**5 + 1/3*g**3 - 3*g**2. What is l(6)?
2
Let q(h) be the second derivative of -7*h**3/6 - 9*h**2 + 9*h. Let s(p) = 13*p + 35. Let t(c) = -11*q(c) - 6*s(c). Suppose 0*i = -4*i. What is t(i)?
-12
Let a(s) = -2*s**2 + 3*s**2 - s - 2*s + 2. Suppose -4*n + 5*k - 26 = 13, -5*n - 24 = 2*k. Let q be (-3)/n + 6/4. Calculate a(q).
0
Let x(k) = -k**3 + 5*k**2 + 7*k - 1. Let p(r) = 5*r**2 + 12*r + 10. Let s(q) = 6*q**2 + 13*q + 11. Let z(i) = -5*p(i) + 4*s(i). Let d be z(-6). Determine x(d).
5
Let r(s) = -8*s**3 - 9*s**2 - s + 13. Let l(d) = -2*d**3 - 2*d**2 + 3. Let j(a) = 9*l(a) - 2*r(a). Suppose -2*b + 0*b + 6 = 0. Let o = b - 4. Calculate j(o).
1
Let a(j) = -j - 2. Let z be a(-4). Let i(c) = 3*c + 2*c**2 - c + c**2 + 2*c**z - 2 + c**3. Calculate i(-4).
6
Let n(o) = 3*o - 6*o + 0*o + 2*o**2 - o**3 + 6*o. Determine n(-2).
10
Let r(h) be the third derivative of -h**6/120 - h**5/15 + h**4/6 - h**3 + h**2. Let c = -49 + 44. Determine r(c).
-1
Let q(w) = w - 20*w**3 - 7*w**2 + 19*w**3 + 8*w**2. What is q(0)?
0
Let j(z) be the first derivative of -z**3/3 - z**2/2 - 5*z - 3. Let r = -3 - -3. Determine j(r).
-5
Let y(x) = x + 7. Let h be y(-7). Let i(d) = -d**2 - 8. Give i(h).
-8
Let c(x) be the first derivative of 3*x**2/2 + 2*x - 1. Let d = -9 + 8. Let h be (d + -3 + 7)*-1. Determine c(h).
-7
Let z(w) = -w**2 + 5*w - 3. Suppose 4 = 5*n - 11. Give z(n).
3
Let d = 9 + -3. Let h(i) be the first derivative of -i**2/2 + 5*i + 12. Determine h(d).
-1
Let w(r) = -r + 18*r**2 - 5*r**3 + 1 - 18*r**2. Suppose -2*v + 1 + 1 = 0. Give w(v).
-5
Let g(c) = 10*c**3 - 22*c**2 + 2*c - 19. Let u(k) = 3*k**3 - 7*k**2 + k - 6. Let o(d) = -2*g(d) + 7*u(d). Determine o(4).
-8
Let d(z) = 5*z + 1. Suppose -j = -0*j - 5. Suppose -j*k = -0*k + 15. Determine d(k).
-14
Suppose q = -4*a + 15, -6*q + 2*q = 4*a - 24. Suppose -5*w - 6*l + 4*l + 12 = 0, 11 = 4*w + q*l. Suppose w + 4 = 3*o. Let p(y) 